Suppose -3*f + 520 = 5*s, -4*s + 28 = -f - 371. Let w = s - r. What is the highest common divisor of 195 and w?
39
Suppose -2*n - 61 = 2*c - 511, 1101 = 5*c - n. Let r be (-1 - (-276)/(-115))*-15. Calculate the greatest common factor of r and c.
17
Let o = -5002 - -5277. What is the greatest common divisor of 187 and o?
11
Let a(h) = -h**3 + 10*h**2 + 4*h - 65. Let k be a(3). What is the greatest common divisor of 8090 and k?
10
Let r(b) = 2*b**2 + 158*b - 123. Let j be r(-86). Calculate the highest common factor of j and 299.
23
Suppose -2*d + 2 = -74. Let c(l) = -2*l**2 + 2461*l - 2457*l + 5*l**2 - 7. Let p be c(4). Calculate the highest common divisor of p and d.
19
Let w be -1008*(-2 + 14/((-504)/(-60))). What is the highest common divisor of 1113 and w?
21
Let k = 18 + -17. Suppose 4*r - 9 = -3*i, -5*i + k = -2*r + 12. Suppose 0 = -6*o + r*o + 75. Calculate the highest common divisor of 5 and o.
5
Suppose 3*g = 4*b + 51, -g - g = -10. Let m(k) = -14*k - 123. Let w be m(b). What is the greatest common divisor of 27 and w?
3
Suppose -5*d + 935 = 5*p, 5*d + 413 = 3*p + 1316. Calculate the greatest common factor of 14213 and d.
61
Let k = -1696 - -1891. Suppose 146 = 5*y + 4*a, 36 = 3*y + 4*a - 50. Calculate the highest common divisor of y and k.
15
Let y = -323 - -337. Let v be 5680/112 - (-4)/y. What is the greatest common factor of 51 and v?
51
Let v(k) = -k**3 + 8*k**2 + 6*k + 31. Let d be v(9). Suppose 6*u - 11*u = d*w - 225, 2*u - 3*w = 113. Calculate the greatest common factor of u and 14.
7
Let b = -2044 + 2050. Calculate the greatest common factor of 17274 and b.
6
Suppose 15 = b + g, -6*g - 23 = -2*b - g. Let l be (84/(-56))/((-3)/(-2)) - -7. Calculate the greatest common factor of b and l.
2
Let w be ((-1)/(-14))/((-80)/(-1120)). Let m be 284/w - (1 - 18/6). Calculate the greatest common divisor of m and 13.
13
Let y(o) be the first derivative of -38 + 45/2*o**2 + 2*o + 5/3*o**3. Let n be y(-11). Calculate the greatest common factor of 28 and n.
28
Let a = -273 + 417. Suppose -5*o + a = -o. Let t = 512 + -260. What is the highest common factor of o and t?
36
Let a = -65 + 95. Suppose 27*s = a*s. Suppose -3*h + 3*b + 91 = -b, s = 2*h + 3*b - 72. What is the highest common divisor of h and 363?
33
Suppose 3*d - 2*f - 47 = 0, d + 5*f - 63 = -d. Suppose 16*s = -34*s + 2850. Calculate the greatest common factor of d and s.
19
Let o(z) = 3*z - 8*z - 5 - 1 + 17*z**2. Let l be o(-2). Suppose -n + l = 53. What is the greatest common factor of n and 19?
19
Let a be -2 + 112/52 + (-41727)/(-273). Let b(w) = 4*w**2 + 8*w + 5. Let n be b(-3). What is the greatest common divisor of a and n?
17
Suppose 3*o = 0, -3*o = l + 28 - 128. What is the highest common factor of l and 1200?
100
Suppose g - 4*z - 160 = 0, z = -146*g + 142*g + 725. Calculate the greatest common divisor of 6390 and g.
90
Let o(x) = -3*x - 15. Let r be o(-6). Let m(p) = 32*p**2 - 11*p + 3. Let q be m(r). Let c = 483 - q. Calculate the greatest common factor of 25 and c.
25
Suppose 86*m - 232 = 85*m - 4*i, -m + 214 = i. Calculate the highest common factor of 560 and m.
16
Let f(u) = 20*u - 265. Let h be f(14). Suppose 4*k = -0*k + 12. Suppose 2*c - k - h = 0. Calculate the highest common divisor of c and 81.
9
Let y = 254 + -242. Let k = 1468 + -832. What is the greatest common divisor of y and k?
12
Let g = 6735 - 6702. What is the highest common factor of g and 1749?
33
Let p = -1639 + 1671. Calculate the highest common divisor of p and 6368.
32
Let o be 59/(1357/(-552)) + 1624. Calculate the greatest common divisor of o and 10240.
320
Suppose 624*w - 60 = 618*w. Suppose w*c - 13*c = -57. What is the highest common factor of c and 57?
19
Let s = 724 - 464. Let g = 280 - s. Calculate the highest common factor of 80 and g.
20
Let c be -25*16/(-20) + 0. Suppose a = -c*a + 1218. What is the highest common factor of 319 and a?
29
Suppose 11*c - 1230 = 35. Suppose -108*w = -c*w + 665. What is the greatest common factor of 76 and w?
19
Let b be -31 + 69 - ((-20)/3 + 7/(-21)). What is the greatest common factor of b and 2865?
15
Suppose -3*v + 98 = 4*v. Let z be (-77)/v*(2 - 16). Calculate the greatest common factor of 11 and z.
11
Suppose -4*n + 3*f - 4 = 0, -7*f + 2*f = -n - 18. Suppose n*m + 10 = 0, -39*q + 38*q = 4*m - 1371. Calculate the highest common divisor of q and 13.
13
Let a = -9236 + 9244. Calculate the greatest common factor of a and 103.
1
Suppose 4*v - p - 3043 = 0, -3*p = -v - 5*p + 754. Suppose 0 = 7*c + 12*c - v. What is the greatest common factor of c and 32?
8
Let g be (5180/21)/(4/6). Let t = -322 + g. Calculate the greatest common factor of 528 and t.
48
Let g = -5278 + 9035. Calculate the highest common factor of 91 and g.
13
Suppose -32 = -4*r + 6*r. Let y be 1272/r*(-1 + 5/3). Let k = 88 + y. What is the greatest common factor of k and 175?
35
Let c be 20/(-2) + 287 - (-3 - -1). Suppose -5*n + 2*l + c = 5*l, 0 = 3*l + 6. What is the highest common factor of n and 133?
19
Let o(w) = -6*w - 6. Let t(z) = -4*z - 5. Let v(q) = 4*o(q) - 5*t(q). Let i be v(-3). Let l = -107 + 198. Calculate the greatest common factor of i and l.
13
Let t = -8776 - -8888. Calculate the greatest common divisor of 656 and t.
16
Suppose -4*l = c + 107 - 138, -5*l + 5*c = -20. Calculate the highest common divisor of l and 36.
1
Suppose -3*q + 140 = -2*u + u, -q = -5*u - 42. Let h = q - 44. Suppose -5*l + 90 = h*k, -2*l - 5*k + 17 = -0*k. Calculate the highest common divisor of l and 7.
7
Let y be (-2)/(-7) - 14/(294/(-7155)). Let b = -62 + 7. Let w = b + 86. What is the greatest common divisor of w and y?
31
Let d be ((-4142)/(-218))/((-11)/12 + 1). What is the greatest common factor of 76 and d?
76
Let u(k) = -104*k + 1573. Let b be u(-19). Calculate the highest common factor of 63 and b.
21
Let s = -693 - -753. Suppose 11 + s = u. What is the highest common divisor of 71 and u?
71
Let a(z) = -51*z - 460. Let w be a(-15). Calculate the highest common factor of 20 and w.
5
Let g(u) = -u - 3. Let s be g(-8). Let c be (-8)/(-1 + s)*-2. Suppose -c*v - 2160 = -16*v. Calculate the highest common divisor of 15 and v.
15
Suppose -679 = 11520*d - 11533*d + 556. Calculate the greatest common divisor of 456 and d.
19
Let b be ((-110)/15)/((-2)/51). Suppose -3*o = -10 - 11. Suppose -b = -h - o. What is the highest common divisor of 20 and h?
20
Let r(t) = t**2 - 3*t + 2. Let d be r(7). Suppose -34 = -u + d. Suppose g - u = -3*g. Calculate the highest common factor of 80 and g.
16
Let p = 240 - 218. Let i = -41 + 44. Let h be (i - 2)/((-1)/(-22)). What is the highest common divisor of h and p?
22
Suppose -j + 4*f + 36 = 0, -j + 2*f - 759 = -789. Suppose -14 = -c - 5. What is the highest common factor of j and c?
3
Suppose -30380 - 4564 = 8*c - 40*c. What is the highest common factor of 208 and c?
52
Suppose 144*h = 142*h - 6, -o - 5*h + 3 = 0. Calculate the highest common factor of 276 and o.
6
Let f(n) = 2*n + 14 + 0*n - 3 - n. Let l be f(-3). Let z = -127 + 215. What is the highest common factor of z and l?
8
Let b = -287 - -288. Let m be (b/6*2)/(13/234). What is the greatest common factor of m and 12?
6
Let n(x) = -1052*x + 6419. Let m be n(6). What is the highest common factor of 43014 and m?
107
Let c = 133 + -116. Suppose 2 = o, -c*o + 12*o + 1546 = 4*s. Let q(y) = 4*y**2 - 4*y. Let v be q(-3). What is the greatest common factor of v and s?
48
Let a be (2/(-3))/(4/(-6)). Suppose 26*p + 53*p - 2697 = -14*p. Calculate the greatest common factor of a and p.
1
Let l be (-1002)/(-90) - 6/45. Suppose -3*q = 4*t + 35, t = -0*t - 3*q - l. Let i be (-219)/(-12) - (-2)/t. What is the greatest common divisor of 144 and i?
18
Let d(a) = 3*a**2 - 44*a - 12. Suppose 57 + 18 = 5*r. Let o be d(r). Calculate the highest common divisor of o and 57.
3
Let z = 292 - 203. Let a = -33 + z. What is the highest common divisor of a and 16?
8
Suppose 20 = -5*m, 3*g = -3*m - 2468 + 3320. Suppose 5*k - 3*s - 98 = -s, 3*k = -4*s + 38. What is the greatest common divisor of g and k?
18
Let a(w) = 74*w - 34. Let k be a(1). Suppose 6*g - 34 = 26. Calculate the highest common divisor of g and k.
10
Let g(f) = 255*f - 57. Let b be g(7). Suppose 42*s - 46*s = -b. What is the greatest common divisor of 54 and s?
54
Let p(